{"id":585,"date":"2018-06-26T18:10:49","date_gmt":"2018-06-26T16:10:49","guid":{"rendered":"http:\/\/www.spielepreis.at\/wordpress\/?page_id=585"},"modified":"2018-06-29T16:05:23","modified_gmt":"2018-06-29T14:05:23","slug":"die-ausgezeichneten-spiele-2018","status":"publish","type":"page","link":"http:\/\/www.spielepreis.at\/wordpress\/die-ausgezeichneten-spiele-2018\/","title":{"rendered":"Die ausgezeichneten Spiele 2018"},"content":{"rendered":"<h1><strong>Die ausgezeichneten Spiele 2018<\/strong><\/h1>\n<p><a href=\"http:\/\/www.spielepreis.at\/wordpress\/wp-content\/uploads\/2018\/06\/Spiel der Spiele 2018 - die ausgezeichneten Spiele.pdf\" target=\"_blank\">Diese Seite als PDF<\/a><\/p>\n<h2><strong>&#8222;Spiel der Spiele 2018&#8220;<\/strong><\/h2>\n<p style=\"text-align: justify;\"><em>Das <strong>Spiel der Spiele<\/strong> ist das Spiel, das der Spielekommission am besten gefallen hat, es macht Spa\u00df und ist f\u00fcr alle Zielgruppen interessant.<\/em><\/p>\n<p><a href=\"http:\/\/www.spielepreis.at\/wordpress\/wp-content\/uploads\/2018\/06\/istanbul_das_wurfelspiel.jpg\"><img loading=\"lazy\" decoding=\"async\" class=\"alignnone wp-image-577 size-full\" src=\"http:\/\/www.spielepreis.at\/wordpress\/wp-content\/uploads\/2018\/06\/istanbul_das_wurfelspiel.jpg\" width=\"600\" height=\"400\" \/><\/a><br \/>\n<strong>Istanbul Das W\u00fcrfelspiel<\/strong><\/p>\n<p style=\"text-align: justify;\">Wettstreit der Kaufleute, man sammelt Rubine sowie Waren und Geld mit seinen Gehilfen. Rubine erwirbt man mit Geld und Waren. W\u00fcrfel sind Helfer, sie k\u00f6nnen Basarkarten, Geld und vier Sorten Waren liefern. Man nimmt Einkommen f\u00fcr Moscheepl\u00e4ttchen, w\u00fcrfelt f\u00fcnf W\u00fcrfel und kann mit den Resultaten zwei Aktionen machen &#8211; immer mit W\u00fcrfel bzw. Warenpl\u00e4ttchen, um andere Pl\u00e4ttchen, Basarkarten, Geld oder Rubine oder Moscheepl\u00e4ttchen zu bekommen. Moscheepl\u00e4ttchen liefern zus\u00e4tzliche W\u00fcrfel und sonstige Vorteile, f\u00fcnf Moscheen liefern einen Rubin. Hat jemand f\u00fcnf oder sechs Rubine, gewinnt man am Ende der Runde mit den meisten Rubinen.<\/p>\n<p style=\"text-align: justify;\">W\u00fcrfelspiel f\u00fcr 2-4 Spieler ab 8 Jahren * Verlag: Pegasus Spiele 2017 * Autor: R\u00fcdiger Dorn * Gestaltung: Andreas Resch, Chris Conrad * Web: <a href=\"http:\/\/www.pegasus.de\">www.pegasus.de<\/a><\/p>\n<p>&nbsp;<\/p>\n<h2><strong>&#8222;Spiele Hit f\u00fcr Kinder&#8220;<\/strong><\/h2>\n<p style=\"text-align: justify;\"><em>Ein <strong>Spiele Hit f\u00fcr Kinder<\/strong> pr\u00e4sentiert Spiele f\u00fcr Kinder, sowie Lernspiele. Erwachsene k\u00f6nnen, m\u00fcssen aber nicht mitspielen. Der Spielspa\u00df liegt vor allem bei den Kindern.<\/em><\/p>\n<p><a href=\"http:\/\/www.spielepreis.at\/wordpress\/wp-content\/uploads\/2018\/06\/schlaraffen_affen.jpg\"><img loading=\"lazy\" decoding=\"async\" class=\"alignnone wp-image-573 size-medium\" src=\"http:\/\/www.spielepreis.at\/wordpress\/wp-content\/uploads\/2018\/06\/schlaraffen_affen.jpg\" width=\"300\" height=\"300\" \/><\/a><br \/>\n<strong>Schlaraffen Affen<\/strong><\/p>\n<p style=\"text-align: justify;\">Affen suchen ihre Kokosnuss! Der Schlaraffen-Affen-Wald wird aufgebaut, Kokosn\u00fcsse h\u00e4ngen in der Palme, die Affen im Startbaum. Man w\u00fcrfelt drei W\u00fcrfel &#8211; f\u00fcr eine Frucht darf man zu dieser Frucht auf den n\u00e4chsten Baum springen, wenn sie dort abgebildet ist, f\u00fcr die Palme zu irgendeiner Frucht. F\u00fcr Blanko bleibt der Affe h\u00e4ngen und f\u00fcr den Kakadu bewegt man diesen, eine Frucht mit Kakadu ist f\u00fcr Affen blockiert. Man kann sich auch an einen Affen auf einer passenden Frucht anh\u00e4ngen und wird dann mitgenommen. Wer die Palme erreicht, springt dort von Blatt zu Blatt und schaut in die Kokosnuss. Hat man die eigene gefunden, gewinnt man sofort.<\/p>\n<p style=\"text-align: justify;\">Lauf\/W\u00fcrfelspiel f\u00fcr 2-4 Spieler ab 5 Jahren * Verlag: Schmidt Spiele 2018 * Autor: Amanda Birkinshaw und Jim Harrison * Gestaltung: Eva K\u00fcnzel * Web: <a href=\"http:\/\/www.schmidtspiele.de\">www.schmidtspiele.de<\/a><\/p>\n<p><a href=\"http:\/\/www.spielepreis.at\/wordpress\/wp-content\/uploads\/2018\/06\/speed_colors 1.jpg\"><img loading=\"lazy\" decoding=\"async\" class=\"alignnone wp-image-575 size-medium\" src=\"http:\/\/www.spielepreis.at\/wordpress\/wp-content\/uploads\/2018\/06\/speed_colors 1.jpg\" width=\"300\" height=\"300\" \/><\/a><br \/>\n<strong>Speed Colors<\/strong><\/p>\n<p style=\"text-align: justify;\">Bildkarten sind Schwarz-Wei\u00df-Seite nach oben gestapelt. Die R\u00fcckseite zeigt das Bild &#8211; immer aus sechs Teilen &#8211; in sechs Farben. Pro Runde zieht man eine Bildkarte, dreht sie um und &#8211; wenn man sich die Farbanordnung gemerkt hat &#8211; wieder zur\u00fcck und beginnt, das Bild auszumalen: Eine Farbe pro Teilfl\u00e4che, ein Stift darf pro Runde nur einmal benutzt werden, eine begonnene Fl\u00e4che kann nicht mit einer anderen Farbe vollendet werden und man darf eine Fl\u00e4che nicht zwischendurch sauber wischen. Sind alle fertig, bringt jede innerhalb der Begrenzung korrekt ausgemalte Fl\u00e4che 2 Punkte, eine mit falscher Farbe ausgemalte 1 Punkt. Mit Varianten.<\/p>\n<p style=\"text-align: justify;\">Malspiel f\u00fcr 2-5 Spieler ab 5 Jahren * Verlag: Game Factory 2017 \/ Lifestyle Boardgames 2017 * Autor: Erwan Morin * Gestaltung: Robin Rossigneux * Web: <a href=\"http:\/\/www.gamefactory-spiele.com\">www.gamefactory-spiele.com<\/a>\u00a0\/\u00a0<a href=\"http:\/\/www.lifestyle-boardgames.com\">www.lifestyle-boardgames.com<\/a><\/p>\n<p><a href=\"http:\/\/www.spielepreis.at\/wordpress\/wp-content\/uploads\/2018\/06\/tief_im_riff.jpg\"><img loading=\"lazy\" decoding=\"async\" class=\"alignnone wp-image-574 size-medium\" src=\"http:\/\/www.spielepreis.at\/wordpress\/wp-content\/uploads\/2018\/06\/\/tief_im_riff.jpg\" width=\"300\" height=\"300\" \/><\/a><br \/>\n<strong>Tief im Riff<\/strong><\/p>\n<p style=\"text-align: justify;\">Ein Clownfisch will mit seinen drei Freunden herausfinden, wie viele Meerestiere im Riff leben. Alle spielen gemeinsam: Der aktive Spieler w\u00fcrfelt und zieht einen der vier Fische auf ein Feld, entlang der Pfeilfische. Je mehr Fische dann auf einem Feld stehen, desto mehr Meeresbewohner kann man entdecken und ein entsprechendes Zahlenpl\u00e4ttchen umdrehen, oder auch mehrere Pl\u00e4ttchen mit zusammen so vielen Markierungen auf der R\u00fcckseite. Kraken helfen bei der Fischbewegung. Erreicht ein Fisch das Startfeld, muss er dort warten. Sind alle Pl\u00e4ttchen umgedreht, bevor alle Fische am Start stehen, gewinnen alle gemeinsam. \u00dcberarbeitung von Der Rattenf\u00e4nger von Hameln<\/p>\n<p style=\"text-align: justify;\">Kooperatives W\u00fcrfel\/Lauf-Spiel f\u00fcr 2-6 Spieler ab 5 Jahren * Verlag: Amigo Spiele 2017 * Autor: Alex Randolph * Gestaltung: Doris Matth\u00e4us * Web: <a href=\"http:\/\/www.amigo-spiele.de\">www.amigo-spiele.de<\/a><\/p>\n<p>&nbsp;<\/p>\n<h2><strong>&#8222;Spiele Hit f\u00fcr Familien&#8220;<\/strong><\/h2>\n<p style=\"text-align: justify;\"><em>Der <strong>Spiele Hit f\u00fcr Familien<\/strong> pr\u00e4sentiert Spiele f\u00fcr Kinder und Eltern, diese spielen gleichberechtigt, alle haben gleiche Gewinnchancen. Richtiger Spielespa\u00df f\u00fcr alle.<\/em><\/p>\n<p><a href=\"http:\/\/www.spielepreis.at\/wordpress\/wp-content\/uploads\/2018\/06\/azul.jpg\"><img loading=\"lazy\" decoding=\"async\" class=\"alignnone wp-image-566 size-medium\" src=\"http:\/\/www.spielepreis.at\/wordpress\/wp-content\/uploads\/2018\/06\/azul.jpg\" width=\"300\" height=\"300\" \/><\/a><br \/>\n<strong>Azul<\/strong><\/p>\n<p style=\"text-align: justify;\">Der K\u00f6nigspalast soll mit Keramikfliesen geschm\u00fcckt werden. Fliesen liegen auf Manufakturen aus. In der Musterphase nimmt man alle Fliesen einer Farbe von einer Manufaktur &#8211; der Rest geht in die Tischmitte &#8211; oder alle Fliesen einer Farbe aus der Tischmitte und ordnet sie einer Musterreihe auf der Ablage zu, \u00fcbersch\u00fcssige gehen als Strafpunkte in die Bodenreihe. In der Fliesungsphase legen alle gleichzeitig die \u00e4u\u00dferste rechte Fliese einer vollen Reihe passend auf die Fliesenwand &#8211; den Rest legt man weg &#8211; und punkten f\u00fcr diese Fliese und neue Gruppen. Hat jemand eine volle Wandreihe, wertet man noch komplette Reihen, Spalten und Farben an der Wand.<\/p>\n<p style=\"text-align: justify;\">Set-Sammelspiel f\u00fcr 2-4 Spieler ab 8 Jahren * Verlag: Next Move 2017 \/ Plan B Games 2018 * Autor: Michael Kiesling * Gestaltung: Chris Quilliams * Web: <a href=\"http:\/\/www.pegasus.de\">www.pegasus.de<\/a><\/p>\n<p><a href=\"http:\/\/www.spielepreis.at\/wordpress\/wp-content\/uploads\/2018\/06\/salamamba.jpg\"><img loading=\"lazy\" decoding=\"async\" class=\"alignnone wp-image-569 size-medium\" src=\"http:\/\/www.spielepreis.at\/wordpress\/wp-content\/uploads\/2018\/06\/salamamba.jpg\" width=\"300\" height=\"300\" \/><\/a><br \/>\n<strong>Salamamba<\/strong><\/p>\n<p style=\"text-align: justify;\">Drei Kapitel eines Wettlaufs und einer spannenden Geschichte, jedes f\u00fcr sich zu spielen, immer ein wenig schwieriger als das vorherige. Salamamba, die Zauberschlange, lebt mit Wichteln im Wald und muss ihre Aufgaben erf\u00fcllen, bevor Zauberer Fiesolix sein Ziel erreicht. Nach Aufbau des Kapitels w\u00fcrfelt man &#8211; Fiesolix bewegt sich laut Zauberw\u00fcrfel oder es passiert Erkundungs- oder D\u00e4mmerungszauber; danach bewegt sich Salamamba durch Hinzuf\u00fcgen oder Wegnehmen von Schlangenschuppenlaut Schlangenw\u00fcrfel und sammelt erreichte Pl\u00e4ttchen ein. Zaubergegenst\u00e4nde k\u00f6nnen jederzeit eingesetzt werden. Ist das Kapitelziel erf\u00fcllt, gewinnen alle gemeinsam.<\/p>\n<p style=\"text-align: justify;\">Magischer kooperativer Wettlauf f\u00fcr 1-5 Spieler ab 7 Jahren * Verlag: Piatnik 2018 * Autor: Anna Oppolzer * Gestaltung: atelier 198, Andreas Resch * Web: <a href=\"http:\/\/www.piatnik.com\">www.piatnik.com<\/a><\/p>\n<p><a href=\"http:\/\/www.spielepreis.at\/wordpress\/wp-content\/uploads\/2018\/06\/woodlands.jpg\"><img loading=\"lazy\" decoding=\"async\" class=\"alignnone wp-image-567 size-medium\" src=\"http:\/\/www.spielepreis.at\/wordpress\/wp-content\/uploads\/2018\/06\/woodlands.jpg\" width=\"300\" height=\"300\" \/><\/a><br \/>\n<strong>Woodlands<\/strong><\/p>\n<p style=\"text-align: justify;\">In der Welt der M\u00e4rchen und Legenden legt man Wege durch einen Wald und bewegt dann darauf die Figur um Herausforderungen der Kapitel zu erledigen. Jeder Spieler hat einen Satz Wegekarten, die Folie f\u00fcr das Kapitel liegt aus. Jeder belegt schnellstm\u00f6glich seine Tafel und versucht, Wege so zu legen, dass m\u00f6glichst viele Symbole zu erreichen sind, zum Beispiel f\u00fcr Kapitel 1 von Rotk\u00e4ppchen den Wegweiser, die Erdbeeren und den gelben Edelstein. Nach zwei Durchl\u00e4ufen der Sanduhr \u00fcberpr\u00fcfen die Spieler reihum mit der Figur ihre Wege und erreichten Symbole. Am Ende der Geschichte punktet man noch f\u00fcr gesammelte Edelsteine. Auch mit App spielbar.<\/p>\n<p style=\"text-align: justify;\">Legespiel f\u00fcr 2-4 Spieler ab 10 Jahren * Verlag: Ravensburger 2018 * Autor: Daniel Fehr * Gestaltung: Felix Mertikat, Fiore GmbH * Web: <a href=\"http:\/\/www.ravensburger.de\">www.ravensburger.de<\/a><\/p>\n<p>&nbsp;<\/p>\n<h2><strong>&#8222;Spiele Hit mit Freunden&#8220;<\/strong><\/h2>\n<p style=\"text-align: justify;\"><em>Der <strong>Spiele Hit mit Freunden<\/strong> pr\u00e4sentiert Spiele f\u00fcr Jugendliche und Erwachsene, mit gleichen Gewinnchancen, die Mitspieler sind \u00e4lter als 12 Jahre oder haben das Spielthema als gemeinsames Interesse.<\/em><\/p>\n<p><a href=\"http:\/\/www.spielepreis.at\/wordpress\/wp-content\/uploads\/2018\/06\/5_minute_dungeon.jpg\"><img loading=\"lazy\" decoding=\"async\" class=\"alignnone wp-image-570 size-medium\" src=\"http:\/\/www.spielepreis.at\/wordpress\/wp-content\/uploads\/2018\/06\/5_minute_dungeon.jpg\" width=\"300\" height=\"300\" \/><\/a><br \/>\n<strong>5 Minute Dungeon<\/strong><\/p>\n<p style=\"text-align: justify;\">Bis zu f\u00fcnf Helden haben genau f\u00fcnf Minuten, um sich durch einen von f\u00fcnf Dungeons zu k\u00e4mpfen. Ein Boss Tableau liegt aus, Quest- und Dungeon-Karten je nach Schwierigkeitsgrad &#8211; Lehrling, Held oder Dungeon Master &#8211; sind gestapelt, werden der Reihe nach aufgedeckt und durch Spielen passender Symbole, Ausspielen von Aktionskarten oder Nutzen der Helden-Spezialf\u00e4higkeiten erledigt. Alle spielen gleichzeitig und ziehen entsprechend Karten nach. Hat niemand mehr Handkarten oder die Zeit ist abgelaufen oder kann ein Gegner mangels passender karten nicht besiegt werden, verlieren alle gemeinsam. Alle gewinnen, wenn all f\u00fcnf Bosse besiegt sind.<\/p>\n<p style=\"text-align: justify;\">Realzeit-Abenteuer f\u00fcr 2-5 Spieler ab 8 Jahren * Verlag: Kosmos 2017 * Autor: Reid Connor * Grafiker: Alex Diochon * Web: <a href=\"http:\/\/www.kosmos.de\">www.kosmos.de<\/a><\/p>\n<p><a href=\"http:\/\/www.spielepreis.at\/wordpress\/wp-content\/uploads\/2018\/06\/bunny-KINGDOM.jpg\"><img loading=\"lazy\" decoding=\"async\" class=\"alignnone wp-image-571 size-medium\" src=\"http:\/\/www.spielepreis.at\/wordpress\/wp-content\/uploads\/2018\/06\/bunny-KINGDOM.jpg\" width=\"300\" height=\"300\" \/><\/a><br \/>\n<strong>Bunny Kingdom<\/strong><\/p>\n<p style=\"text-align: justify;\">Hasenlords erobern neue Welten f\u00fcr den Hasenk\u00f6nig, sammeln Goldene Karotten, gr\u00fcnden St\u00e4dte, erwerben Lehensg\u00fcter und erf\u00fcllen Geheimauftr\u00e4ge. F\u00fcr jedes Gebiet am Plan gibt es eine Karte. Pro Runde legt man in der Phase Erkunden zwei Handkarten aus und gibt den Rest verdeckt weiter; dann erledigen reihum alle die Karten; Schriftrollen bleiben verdeckt, Gebiete werden mit Hasen besetzt. In der Bau-Phase setzt man Geb\u00e4ude laut Bauregeln in kontrollierte Gebiete und in der Ernte-Phase erntet man Karotten = St\u00e4rke x Wohlstand seiner Lehensg\u00fcter. Nach vier Runden werden Schriftrollen als Geheimauftr\u00e4ge aufgedeckt und auf erf\u00fcllte Bedingungen gepr\u00fcft.<\/p>\n<p style=\"text-align: justify;\">Drafting- und Aufbauspiel f\u00fcr 2-4 Spieler ab 12 Jahren * Verlag: Iello 2017 * Autor: Richard Garfield * Gestaltung: Paul Mafayon * Web: <a href=\"http:\/\/www.hutter-trade.com\">www.hutter-trade.com<\/a><\/p>\n<p><a href=\"http:\/\/www.spielepreis.at\/wordpress\/wp-content\/uploads\/2018\/06\/die_quaksalber_von_quedlinburg.jpg\"><img loading=\"lazy\" decoding=\"async\" class=\"alignnone wp-image-572 size-medium\" src=\"http:\/\/www.spielepreis.at\/wordpress\/wp-content\/uploads\/2018\/06\/die_quaksalber_von_quedlinburg.jpg\" width=\"300\" height=\"300\" \/><\/a><br \/>\n<strong>Die Quacksalber von Quedlinburg<\/strong><\/p>\n<p style=\"text-align: justify;\">Im Basar von Quedlinburg brauen Kurpfuscher und Wunderheiler Tr\u00e4nke. Zutaten und Zutatenb\u00fccher liegen aus, der Plan wird vorbereitet und Beutel werden mit Zutaten bef\u00fcllt. Eine Wahrsagekarte f\u00fcr die Runde wird aufgedeckt und eventuell ausgef\u00fchrt, Rattenschw\u00e4nze werden abgewickelt. Dann ziehen alle Zutaten aus ihren Beuteln und legen sie nach Wertigkeit in den Kessel &#8211; \u00fcbersteigt die Summe gezogener wei\u00dfer Chips, explodiert der Kessel. Chips anderer Farben werden beim Ziehen oder am Rundenende aktiviert. Haben alle gepasst oder mussten passen, wird gewertet und Rubine und Boni werden vergeben. Nach neun Runden gewinnt man mit den meisten Punkten.<\/p>\n<p style=\"text-align: justify;\">Bag-Building Spiel f\u00fcr 2-4 Spieler ab 10 Jahren * Verlag: Schmidt Spiele 2018 * Autor: Wolfgang Warsch * Gestaltung: Dennis Lohausen * Web: <a href=\"http:\/\/www.schmidtspiele.de\">www.schmidtspiele.de<\/a><\/p>\n<p>&nbsp;<\/p>\n<h2><strong>&#8222;Spiele Hit f\u00fcr Experten&#8220;<\/strong><\/h2>\n<p style=\"text-align: justify;\"><em>Der <strong>Spiele Hit f\u00fcr Experten<\/strong> pr\u00e4sentiert Spiele mit komplexen Regeln und h\u00f6heren Einstiegsschwellen und dementsprechend viel Herausforderung und Spie\u00dfspa\u00df, speziell f\u00fcr erfahrene Vielspieler.<\/em><\/p>\n<p><a href=\"http:\/\/www.spielepreis.at\/wordpress\/wp-content\/uploads\/2018\/06\/gaia_project.jpg\"><img loading=\"lazy\" decoding=\"async\" class=\"alignnone wp-image-563 size-medium\" src=\"http:\/\/www.spielepreis.at\/wordpress\/wp-content\/uploads\/2018\/06\/gaia_project.jpg\" width=\"300\" height=\"300\" \/><\/a><br \/>\n<strong>Gaia Project<\/strong><\/p>\n<p style=\"text-align: justify;\">Als eines von 14 V\u00f6lkern will man Planeten mit passender Umgebung kolonisieren. In sechs Runden entwickelt man sein Volk in Phasen: 1. Einkommen &#8211; neue Ressourcen von V\u00f6lkertableau, Rundenbooster, Technologiepl\u00e4ttchen und Forschungsfortschritt. 2. Gaia &#8211; Machtsteine im Machtkreislauf bewegen, er ist Zentralelement des Spiels. 3. Aktionen &#8211; Mine errichten, Gaia-Projekt starten, Geb\u00e4ude aufwerten, Allianz gr\u00fcnden, Forschungsfortschritt, Macht- und Q.I.C Aktionen, Sonder- oder passive oder freie Aktionen oder Passen. Machtgewinn erfolgt auch aus Mitspieler-Aktionen. 6. Rundenende. Nach zwei Schlusswertungen gewinnt man mit den meisten Punkten.<\/p>\n<p style=\"text-align: justify;\">Aufbauspiel f\u00fcr 1-4 Spieler ab 14 Jahren * Verlag: Feuerland Spiele 2017 * Autor: Helge Ostertag, Jens Dr\u00f6gem\u00fcller * Gestaltung: Dennis Lohausen * Web: <a href=\"http:\/\/www.feuerland-spiele.de\">www.feuerland-spiele.de<\/a><\/p>\n<p><a href=\"http:\/\/www.spielepreis.at\/wordpress\/wp-content\/uploads\/2018\/06\/heaven_ale.jpg\"><img loading=\"lazy\" decoding=\"async\" class=\"alignnone wp-image-564 size-medium\" src=\"http:\/\/www.spielepreis.at\/wordpress\/wp-content\/uploads\/2018\/06\/heaven_ale.jpg\" width=\"300\" height=\"300\" \/><\/a><br \/>\n<strong>Heaven &amp; Ale<\/strong><\/p>\n<p style=\"text-align: justify;\">Bier brauen im eigenen Kloster. Man zieht beliebig weit auf ein Aktionsfeld und kauft entsprechend Rohstoff oder M\u00f6nch und legt ihn gegen einfache Kosten auf die Schattenseite des Klostergartens f\u00fcr Geld oder gegen doppelte Kosten auf die Sonnenseite f\u00fcr Rohstoffe oder nimmt eine Wertungsscheibe und wertet entsprechend. Komplett umschlossene Scheunenpl\u00e4tze belegt man mit einem Scheunenpl\u00e4ttchen auf Basis der umliegenden Pl\u00e4ttchenwerte und erh\u00e4lt Baumeisterfortschritt und Ertrag damit aktivierter Rohstoffpl\u00e4ttchen. Am Ende wertet man Produktionswert nach Abgleich der Rohstoffmarkerposition laut Braumeisterposition sowie gesammelte F\u00e4sser.<\/p>\n<p style=\"text-align: justify;\">Lege- und Aufbauspiel f\u00fcr 2-4 Spieler ab 12 Jahren * Verlag: Plan B Games \/ eggertspiele 2017 * Autor: Andreas Schmidt, Michael Kiesling * Gestaltung: Fiore GmbH * Web: <a href=\"http:\/\/www.pegasus.de\">www.pegasus.de<\/a><\/p>\n<p><a href=\"http:\/\/www.spielepreis.at\/wordpress\/wp-content\/uploads\/2018\/06\/pulsar_2849.jpg\"><img loading=\"lazy\" decoding=\"async\" class=\"alignnone wp-image-565 size-medium\" src=\"http:\/\/www.spielepreis.at\/wordpress\/wp-content\/uploads\/2018\/06\/pulsar_2849.jpg\" width=\"300\" height=\"300\" \/><\/a><br \/>\n<strong>Pulsar 2849<\/strong><\/p>\n<p style=\"text-align: justify;\">Tausend Jahre nach dem Goldrausch nutzt die Menschheit Energie eines Pulsars f\u00fcr das erste Sternentor. Acht Runden haben drei Phasen: 1. W\u00fcrfelphase &#8211; Jemand w\u00fcrfelt 7 oder 9 W\u00fcrfel je nach Spieleranzahl und sortiert sie nach Werten. Nun w\u00e4hlen die Spieler reihum W\u00fcrfel, die Wahl beeinflusst Initiative- und Technologieleiste. 2. In der Aktionsrunde nutzt man die zwei gew\u00e4hlten W\u00fcrfel f\u00fcr eine Aktion dieses Werts &#8211; Schiff fliegen, Pulsar entwickeln, Energie Megastruktur erweitern, Technologie patentieren, Projekt im Hauptquartier komplettieren oder W\u00fcrfelmodifikator kaufen. 3. In der Wertung bekommt man Technologiekuben und Punkte.<\/p>\n<p style=\"text-align: justify;\">Aufbauspiel mit W\u00fcrfeln f\u00fcr 2-4 Spieler ab 14 Jahren * Verlag: Czech Games Edition \/ Asmodee 2018 * Autor: Vlad\u00edm\u00edr Such\u00fd * Gestaltung: S\u00f6ren Meding, Filip Murmak * Web: <a href=\"http:\/\/www.czechgames.com\">www.czechgames.com<\/a><\/p>\n<p>&nbsp;<\/p>\n<h2><strong>\u201eSonderpreis zum Spiel der Spiele&#8220;<\/strong><\/h2>\n<p style=\"text-align: justify;\"><em>Der <strong>Sonderpreis zum Spiel der Spiele <\/strong>zeichnet ein Spiel aus, dass die Spielekommission als besonderes bemerkenswertes Spiel eines Jahrganges zus\u00e4tzlich zum Hauptpreis in den Vordergrund stellen m\u00f6chte!<\/em><\/p>\n<p><a href=\"http:\/\/www.spielepreis.at\/wordpress\/wp-content\/uploads\/2018\/06\/interaction.jpg\"><img loading=\"lazy\" decoding=\"async\" class=\"alignnone wp-image-576 size-medium\" src=\"http:\/\/www.spielepreis.at\/wordpress\/wp-content\/uploads\/2018\/06\/interaction.jpg\" width=\"300\" height=\"300\" \/><\/a><br \/>\n<strong>Interaction<\/strong><\/p>\n<p style=\"text-align: justify;\">Interaction ist das erste Brettspiel, das mit Sozialen Netzwerken, wie zum Beispiel Facebook, interagiert. Eine eigens entwickelte Social Engine bindet das Spiel an die Sozialen Netzwerke der einzelnen Spieler an und generiert mit deren Inhalten individuelle Fragen und lustige Spiele in f\u00fcnf verschiedenen Kategorien &#8211; Wissen, Kreativit\u00e4t, Action, Social und Games. Die Anbindung erfolgt \u00fcber Smart Device und man kann vor Ort und auch mit Freunden in aller Welt spielen, wof\u00fcr die App die Aufgaben nach Alter und Interessen anpasst. Updates der kostenlosen App bringen Abwechslung!<\/p>\n<p style=\"text-align: justify;\">Social Board Game mit App f\u00fcr 2 oder mehr Spieler ab 8 Jahren * Verlag: rudy Games 2017 * Autor: Manfred Lamplmair und Reinhard Kern, Gestaltung: Team rudy Games * <a href=\"http:\/\/www.rudy-games.com\">www.rudy-games.com<\/a><\/p>\n<p>Wien, 23. Juni 2018<br \/>\nTexte: Dagmar de Cassan<br \/>\nBilder: Walter Schranz<\/p>\n<p>Anfragen bitte an: spielen.at, Dagmar de Cassan, office@spielen.at, 0676-5541672<\/p>\n","protected":false},"excerpt":{"rendered":"<p>Die ausgezeichneten Spiele 2018 Diese Seite als PDF &#8222;Spiel der Spiele 2018&#8220; Das Spiel der Spiele ist das Spiel, das der Spielekommission am besten gefallen hat, es macht Spa\u00df und ist f\u00fcr alle Zielgruppen interessant. Istanbul Das W\u00fcrfelspiel Wettstreit der Kaufleute, man sammelt Rubine sowie Waren und Geld mit seinen Gehilfen. Rubine erwirbt man mit [&hellip;]<\/p>\n","protected":false},"author":1,"featured_media":473,"parent":0,"menu_order":0,"comment_status":"closed","ping_status":"closed","template":"","meta":{"footnotes":""},"class_list":["post-585","page","type-page","status-publish","has-post-thumbnail","hentry"],"_links":{"self":[{"href":"http:\/\/www.spielepreis.at\/wordpress\/wp-json\/wp\/v2\/pages\/585","targetHints":{"allow":["GET"]}}],"collection":[{"href":"http:\/\/www.spielepreis.at\/wordpress\/wp-json\/wp\/v2\/pages"}],"about":[{"href":"http:\/\/www.spielepreis.at\/wordpress\/wp-json\/wp\/v2\/types\/page"}],"author":[{"embeddable":true,"href":"http:\/\/www.spielepreis.at\/wordpress\/wp-json\/wp\/v2\/users\/1"}],"replies":[{"embeddable":true,"href":"http:\/\/www.spielepreis.at\/wordpress\/wp-json\/wp\/v2\/comments?post=585"}],"version-history":[{"count":19,"href":"http:\/\/www.spielepreis.at\/wordpress\/wp-json\/wp\/v2\/pages\/585\/revisions"}],"predecessor-version":[{"id":610,"href":"http:\/\/www.spielepreis.at\/wordpress\/wp-json\/wp\/v2\/pages\/585\/revisions\/610"}],"wp:featuredmedia":[{"embeddable":true,"href":"http:\/\/www.spielepreis.at\/wordpress\/wp-json\/wp\/v2\/media\/473"}],"wp:attachment":[{"href":"http:\/\/www.spielepreis.at\/wordpress\/wp-json\/wp\/v2\/media?parent=585"}],"curies":[{"name":"wp","href":"https:\/\/api.w.org\/{rel}","templated":true}]}}